{"id":1076,"date":"2024-03-07T23:18:39","date_gmt":"2024-03-07T22:18:39","guid":{"rendered":"https:\/\/main.glab.at\/?page_id=1076"},"modified":"2025-12-15T11:27:37","modified_gmt":"2025-12-15T10:27:37","slug":"produkte4","status":"publish","type":"page","link":"https:\/\/siems-klein.at\/?page_id=1076","title":{"rendered":"ADAS-Pr\u00fcfger\u00e4te"},"content":{"rendered":"<div data-colibri-id=\"1076-c1\" class=\"style-1408 style-local-1076-c1 position-relative\">\n  <!---->\n  <div data-colibri-component=\"section\" data-colibri-id=\"1076-c2\" id=\"custom\" class=\"h-section h-section-global-spacing d-flex align-items-lg-center align-items-md-center align-items-center style-1409 style-local-1076-c2 position-relative\">\n    <!---->\n    <!---->\n    <div class=\"h-section-grid-container h-section-boxed-container\">\n      <!---->\n      <div data-colibri-id=\"1076-c3\" class=\"h-row-container gutters-row-lg-2 gutters-row-md-2 gutters-row-0 gutters-row-v-lg-2 gutters-row-v-md-2 gutters-row-v-2 style-1410 style-local-1076-c3 position-relative\">\n        <!---->\n        <div class=\"h-row justify-content-lg-center justify-content-md-center justify-content-center align-items-lg-stretch align-items-md-stretch align-items-stretch gutters-col-lg-2 gutters-col-md-2 gutters-col-0 gutters-col-v-lg-2 gutters-col-v-md-2 gutters-col-v-2\">\n          <!---->\n          <div class=\"h-column h-column-container d-flex h-col-lg-auto h-col-md-auto h-col-auto style-1411-outer style-local-1076-c4-outer\">\n            <div data-colibri-id=\"1076-c4\" class=\"d-flex h-flex-basis h-column__inner h-px-lg-2 h-px-md-2 h-px-2 v-inner-lg-2 v-inner-md-2 v-inner-2 style-1411 style-local-1076-c4 position-relative\">\n              <!---->\n              <!---->\n              <div class=\"w-100 h-y-container h-column__content h-column__v-align flex-basis-100 align-self-lg-start align-self-md-start align-self-start\">\n                <!---->\n                <div data-colibri-id=\"1076-c5\" class=\"h-text h-text-component style-1424 style-local-1076-c5 position-relative h-element\">\n                  <!---->\n                  <!---->\n                  <div class=\"\">\n                    <p>ADAS Kalibrierungsger\u00e4te<\/p>\n                  <\/div>\n                <\/div>\n              <\/div>\n            <\/div>\n          <\/div>\n        <\/div>\n      <\/div>\n    <\/div>\n  <\/div>\n  <div data-colibri-component=\"section\" data-colibri-id=\"1076-c32\" id=\"reusable-sections\" class=\"h-section h-section-global-spacing d-flex align-items-lg-center align-items-md-center align-items-center style-3715 style-local-1076-c32 position-relative\">\n    <!---->\n    <!---->\n    <div class=\"h-section-grid-container h-section-boxed-container\">\n      <!---->\n      <div data-colibri-id=\"1076-c33\" class=\"h-row-container gutters-row-lg-1 gutters-row-md-1 gutters-row-0 gutters-row-v-lg-1 gutters-row-v-md-1 gutters-row-v-1 style-3716 style-local-1076-c33 position-relative\">\n        <!---->\n        <div class=\"h-row justify-content-lg-center justify-content-md-center justify-content-center align-items-lg-stretch align-items-md-stretch align-items-stretch gutters-col-lg-1 gutters-col-md-1 gutters-col-0 gutters-col-v-lg-1 gutters-col-v-md-1 gutters-col-v-1\">\n          <!---->\n          <div class=\"h-column h-column-container d-flex h-col-lg-auto h-col-md-auto h-col-auto style-3717-outer style-local-1076-c34-outer\">\n            <div data-colibri-id=\"1076-c34\" class=\"d-flex h-flex-basis h-column__inner h-px-lg-2 h-px-md-2 h-px-2 v-inner-lg-2 v-inner-md-2 v-inner-2 style-3717 style-local-1076-c34 position-relative\">\n              <!---->\n              <!---->\n              <div class=\"w-100 h-y-container h-column__content h-column__v-align flex-basis-100 align-self-lg-start align-self-md-start align-self-start\">\n                <!---->\n                <div data-colibri-id=\"1076-c35\" class=\"h-global-transition-all h-heading style-3718 style-local-1076-c35 position-relative h-element\">\n                  <!---->\n                  <div class=\"h-heading__outer style-3718 style-local-1076-c35\">\n                    <!---->\n                    <!---->\n                    <h3 class=\"\">Unsere Produkte:<\/h3>\n                  <\/div>\n                <\/div>\n                <div data-colibri-id=\"1076-c36\" class=\"style-3719 style-local-1076-c36 position-relative h-element\">\n                  <!---->\n                  <div class=\"\"><div class=\"_df_book df-lite\" id=\"df_6789\"  _slug=\"adas-pruefgeraete\" data-title=\"adas-pruefgeraete\" wpoptions=\"true\" thumb=\"https:\/\/siems-klein.at\/wp-content\/uploads\/2025\/12\/TitelADAS-scaled.jpg\" thumbtype=\"\" ><\/div><script class=\"df-shortcode-script\" nowprocket type=\"application\/javascript\">window.option_df_6789 = {\"outline\":[],\"autoEnableOutline\":\"false\",\"autoEnableThumbnail\":\"false\",\"overwritePDFOutline\":\"true\",\"direction\":\"1\",\"pageSize\":\"0\",\"source\":\"https:\\\/\\\/siems-klein.at\\\/wp-content\\\/uploads\\\/2025\\\/12\\\/ADAS.pdf\",\"wpOptions\":\"true\"}; if(window.DFLIP && window.DFLIP.parseBooks){window.DFLIP.parseBooks();}<\/script><\/div>\n                <\/div>\n              <\/div>\n            <\/div>\n          <\/div>\n        <\/div>\n      <\/div>\n    <\/div>\n  <\/div>\n  <div data-colibri-component=\"section\" data-colibri-id=\"1076-c21\" id=\"custom-3\" class=\"h-section h-section-global-spacing d-flex align-items-lg-center align-items-md-center align-items-center style-1425 style-local-1076-c21 position-relative\">\n    <!---->\n    <!---->\n    <div class=\"h-section-grid-container h-section-boxed-container\">\n      <!---->\n      <div data-colibri-id=\"1076-c22\" class=\"h-row-container gutters-row-lg-2 gutters-row-md-2 gutters-row-0 gutters-row-v-lg-2 gutters-row-v-md-2 gutters-row-v-2 style-1426 style-local-1076-c22 position-relative\">\n        <!---->\n        <div class=\"h-row justify-content-lg-center justify-content-md-center justify-content-center align-items-lg-stretch align-items-md-stretch align-items-stretch gutters-col-lg-2 gutters-col-md-2 gutters-col-0 gutters-col-v-lg-2 gutters-col-v-md-2 gutters-col-v-2\">\n          <!---->\n          <div class=\"h-column h-column-container d-flex h-col-lg-auto h-col-md-auto h-col-auto style-1427-outer style-local-1076-c23-outer\">\n            <div data-colibri-id=\"1076-c23\" class=\"d-flex h-flex-basis h-column__inner h-px-lg-2 h-px-md-2 h-px-2 v-inner-lg-2 v-inner-md-2 v-inner-2 style-1427 style-local-1076-c23 position-relative\">\n              <!---->\n              <!---->\n              <div class=\"w-100 h-y-container h-column__content h-column__v-align flex-basis-100 align-self-lg-start align-self-md-start align-self-start\">\n                <!---->\n                <div data-colibri-id=\"1076-c24\" class=\"h-text h-text-component style-1428 style-local-1076-c24 position-relative h-element\">\n                  <!---->\n                  <!---->\n                  <div class=\"\">\n                    <p>Interesse an einem unserer Produkte geweckt?<\/p>\n                    <p>Kontaktieren Sie uns f\u00fcr ein unverbindliches Gespr\u00e4ch oder Beratung!<\/p>\n                  <\/div>\n                <\/div>\n              <\/div>\n            <\/div>\n          <\/div>\n        <\/div>\n      <\/div>\n      <div data-colibri-id=\"1076-c25\" class=\"h-row-container gutters-row-lg-2 gutters-row-md-2 gutters-row-0 gutters-row-v-lg-2 gutters-row-v-md-2 gutters-row-v-2 style-1429 style-local-1076-c25 position-relative\">\n        <!---->\n        <div class=\"h-row justify-content-lg-center justify-content-md-center justify-content-center align-items-lg-stretch align-items-md-stretch align-items-stretch gutters-col-lg-2 gutters-col-md-2 gutters-col-0 gutters-col-v-lg-2 gutters-col-v-md-2 gutters-col-v-2\">\n          <!---->\n          <div class=\"h-column h-column-container d-flex h-col-lg-auto h-col-md-auto h-col-auto style-1430-outer style-local-1076-c26-outer\">\n            <div data-colibri-id=\"1076-c26\" class=\"d-flex h-flex-basis h-column__inner h-px-lg-2 h-px-md-2 h-px-2 v-inner-lg-2 v-inner-md-2 v-inner-2 style-1430 style-local-1076-c26 position-relative\">\n              <!---->\n              <!---->\n              <div class=\"w-100 h-y-container h-column__content h-column__v-align flex-basis-100 align-self-lg-start align-self-md-start align-self-start\">\n                <!---->\n                <div data-colibri-id=\"1076-c27\" class=\"h-x-container style-1431 style-local-1076-c27 position-relative h-element\">\n                  <!---->\n                  <div class=\"h-x-container-inner style-dynamic-1076-c27-group style-1431-spacing style-local-1076-c27-spacing\"><span class=\"h-button__outer style-1432-outer style-local-1076-c28-outer d-inline-flex h-element\"><a h-use-smooth-scroll=\"true\" href=\"https:\/\/main.glab.at\/?page_id=2\"  data-colibri-id=\"1076-c28\" class=\"d-flex w-100 align-items-center h-button justify-content-lg-center justify-content-md-center justify-content-center style-1432 style-local-1076-c28 position-relative\"><!----><!----> <span>Kontakt<\/span><\/a>\n                    <\/span>\n                  <\/div>\n                <\/div>\n              <\/div>\n            <\/div>\n          <\/div>\n        <\/div>\n      <\/div>\n    <\/div>\n  <\/div>\n  <div data-colibri-component=\"section\" data-colibri-id=\"1076-c37\" id=\"reusable-sections-2\" class=\"h-section h-section-global-spacing d-flex align-items-lg-center align-items-md-center align-items-center style-3720 style-local-1076-c37 position-relative\">\n    <!---->\n    <!---->\n    <div class=\"h-section-grid-container h-section-boxed-container\">\n      <!---->\n      <div data-colibri-id=\"1076-c38\" class=\"h-row-container gutters-row-lg-2 gutters-row-md-2 gutters-row-0 gutters-row-v-lg-2 gutters-row-v-md-2 gutters-row-v-2 style-3721 style-local-1076-c38 position-relative\">\n        <!---->\n        <div class=\"h-row justify-content-lg-center justify-content-md-center justify-content-center align-items-lg-stretch align-items-md-stretch align-items-stretch gutters-col-lg-2 gutters-col-md-2 gutters-col-0 gutters-col-v-lg-2 gutters-col-v-md-2 gutters-col-v-2\">\n          <!---->\n          <div class=\"h-column h-column-container d-flex h-col-lg-auto h-col-md-auto h-col-auto style-3722-outer style-local-1076-c39-outer\">\n            <div data-colibri-id=\"1076-c39\" class=\"d-flex h-flex-basis h-column__inner h-px-lg-2 h-px-md-2 h-px-2 v-inner-lg-2 v-inner-md-2 v-inner-2 style-3722 style-local-1076-c39 position-relative\">\n              <!---->\n              <!---->\n              <div class=\"w-100 h-y-container h-column__content h-column__v-align flex-basis-100 align-self-lg-start align-self-md-start align-self-start\">\n                <!---->\n                <div data-colibri-id=\"1076-c40\" class=\"h-lead h-text h-text-component style-3723 style-local-1076-c40 position-relative h-element\">\n                  <!---->\n                  <!---->\n                  <div class=\"\">\n                    <p>Unsere Partner, wenn es um ADAS Pr\u00fcfger\u00e4te geht!<\/p>\n                  <\/div>\n                <\/div>\n                <div data-colibri-id=\"1076-c41\" class=\"h-row-container gutters-row-lg-2 gutters-row-md-2 gutters-row-0 gutters-row-v-lg-2 gutters-row-v-md-2 gutters-row-v-2 style-3724 style-local-1076-c41 position-relative\">\n                  <!---->\n                  <div class=\"h-row justify-content-lg-center justify-content-md-center justify-content-center align-items-lg-center align-items-md-center align-items-center gutters-col-lg-2 gutters-col-md-2 gutters-col-0 gutters-col-v-lg-2 gutters-col-v-md-2 gutters-col-v-2\">\n                    <!---->\n                    <div class=\"h-column h-column-container d-flex h-col-lg-2 h-col-md-6 h-col-6 align-self-lg-center align-self-md-center align-self-center style-3725-outer style-local-1076-c42-outer\">\n                      <div data-colibri-id=\"1076-c42\" class=\"d-flex h-flex-basis h-column__inner h-px-lg-0 h-px-md-0 h-px-0 v-inner-lg-0 v-inner-md-0 v-inner-0 style-3725 style-local-1076-c42 position-relative\">\n                        <!---->\n                        <!---->\n                        <div class=\"w-100 h-y-container h-column__content h-column__v-align flex-basis-100 align-self-lg-center align-self-md-center align-self-center\">\n                          <!---->\n                          <div data-colibri-id=\"1076-c14\" class=\"d-block style-3197 style-local-1076-c14 position-relative h-element\">\n                            <!---->\n                            <div class=\"h-image__frame-container-outer\">\n                              <div class=\"h-image__frame-container\">\n                                <!---->\n                                <!---->\n                                <img loading=\"lazy\" decoding=\"async\" width=\"2560\" height=\"1440\" src=\"https:\/\/siems-klein.at\/wp-content\/uploads\/2024\/03\/Bosch-Logo-2018-present-scaled.jpg\" class=\"wp-image-1501 style-3197-image style-local-1076-c14-image\" alt=\"\" srcset=\"https:\/\/siems-klein.at\/wp-content\/uploads\/2024\/03\/Bosch-Logo-2018-present-scaled.jpg 2560w, https:\/\/siems-klein.at\/wp-content\/uploads\/2024\/03\/Bosch-Logo-2018-present-300x169.jpg 300w, https:\/\/siems-klein.at\/wp-content\/uploads\/2024\/03\/Bosch-Logo-2018-present-1024x576.jpg 1024w, https:\/\/siems-klein.at\/wp-content\/uploads\/2024\/03\/Bosch-Logo-2018-present-768x432.jpg 768w, https:\/\/siems-klein.at\/wp-content\/uploads\/2024\/03\/Bosch-Logo-2018-present-1536x864.jpg 1536w, https:\/\/siems-klein.at\/wp-content\/uploads\/2024\/03\/Bosch-Logo-2018-present-2048x1152.jpg 2048w\" sizes=\"auto, (max-width: 2560px) 100vw, 2560px\" \/>\n                                <div class=\"h-image__frame h-hide-lg h-hide-md h-hide-sm style-3197-frameImage style-local-1076-c14-frameImage\"><\/div>\n                              <\/div>\n                            <\/div>\n                          <\/div>\n                        <\/div>\n                      <\/div>\n                    <\/div>\n                    <div class=\"h-column h-column-container d-flex h-col-lg-2 h-col-md-6 h-col-6 align-self-lg-center align-self-md-center align-self-center style-3725-outer style-local-1076-c44-outer\">\n                      <div data-colibri-id=\"1076-c44\" class=\"d-flex h-flex-basis h-column__inner h-px-lg-0 h-px-md-0 h-px-0 v-inner-lg-0 v-inner-md-0 v-inner-0 style-3725 style-local-1076-c44 position-relative\">\n                        <!---->\n                        <!---->\n                        <div class=\"w-100 h-y-container h-column__content h-column__v-align flex-basis-100 align-self-lg-center align-self-md-center align-self-center\">\n                          <!---->\n                          <div data-colibri-id=\"1076-c18\" class=\"d-block style-3199 style-local-1076-c18 position-relative h-element\">\n                            <!---->\n                            <div class=\"h-image__frame-container-outer\">\n                              <div class=\"h-image__frame-container\">\n                                <!---->\n                                <!---->\n                                <img loading=\"lazy\" decoding=\"async\" width=\"463\" height=\"463\" src=\"https:\/\/siems-klein.at\/wp-content\/uploads\/2024\/03\/cropped-launch-1.jpg\" class=\"wp-image-4806 style-3199-image style-local-1076-c18-image\" alt=\"\" srcset=\"https:\/\/siems-klein.at\/wp-content\/uploads\/2024\/03\/cropped-launch-1.jpg 463w, https:\/\/siems-klein.at\/wp-content\/uploads\/2024\/03\/cropped-launch-1-300x300.jpg 300w, https:\/\/siems-klein.at\/wp-content\/uploads\/2024\/03\/cropped-launch-1-150x150.jpg 150w\" sizes=\"auto, (max-width: 463px) 100vw, 463px\" \/>\n                                <div class=\"h-image__frame h-hide-lg h-hide-md h-hide-sm style-3199-frameImage style-local-1076-c18-frameImage\"><\/div>\n                              <\/div>\n                            <\/div>\n                          <\/div>\n                        <\/div>\n                      <\/div>\n                    <\/div>\n                    <div class=\"h-column h-column-container d-flex h-col-lg-2 h-col-md-6 h-col-6 align-self-lg-center align-self-md-center align-self-center style-3725-outer style-local-1076-c46-outer\">\n                      <div data-colibri-id=\"1076-c46\" class=\"d-flex h-flex-basis h-column__inner h-px-lg-0 h-px-md-0 h-px-0 v-inner-lg-0 v-inner-md-0 v-inner-0 style-3725 style-local-1076-c46 position-relative\">\n                        <!---->\n                        <!---->\n                        <div class=\"w-100 h-y-container h-column__content h-column__v-align flex-basis-100 align-self-lg-center align-self-md-center align-self-center\">\n                          <!---->\n                          <div data-colibri-id=\"1076-c20\" class=\"d-block style-3200 style-local-1076-c20 position-relative h-element\">\n                            <!---->\n                            <div class=\"h-image__frame-container-outer\">\n                              <div class=\"h-image__frame-container\">\n                                <!---->\n                                <!---->\n                                <img loading=\"lazy\" decoding=\"async\" width=\"300\" height=\"104\" src=\"https:\/\/siems-klein.at\/wp-content\/uploads\/2024\/03\/cropped-logo-TEXA.jpg\" class=\"wp-image-1847 style-3200-image style-local-1076-c20-image\" alt=\"\" \/>\n                                <div class=\"h-image__frame h-hide-lg h-hide-md h-hide-sm style-3200-frameImage style-local-1076-c20-frameImage\"><\/div>\n                              <\/div>\n                            <\/div>\n                          <\/div>\n                        <\/div>\n                      <\/div>\n                    <\/div>\n                    <div class=\"h-column h-column-container d-flex h-col-lg-2 h-col-md-6 h-col-6 align-self-lg-center align-self-md-center align-self-center style-3748-outer style-local-1076-c68-outer\">\n                      <div data-colibri-id=\"1076-c68\" class=\"d-flex h-flex-basis h-column__inner h-ui-empty-state-container h-px-lg-2 h-px-md-2 h-px-2 v-inner-lg-2 v-inner-md-2 v-inner-2 style-3748 style-local-1076-c68 position-relative\">\n                        <!---->\n                        <!---->\n                        <div class=\"w-100 h-y-container h-column__content h-column__v-align flex-basis-100\">\n                          <!---->\n                        <\/div>\n                      <\/div>\n                    <\/div>\n                    <div class=\"h-column h-column-container d-flex h-col-lg-2 h-col-md-6 h-col-6 align-self-lg-center align-self-md-center align-self-center style-3749-outer style-local-1076-c69-outer\">\n                      <div data-colibri-id=\"1076-c69\" class=\"d-flex h-flex-basis h-column__inner h-ui-empty-state-container h-px-lg-2 h-px-md-2 h-px-2 v-inner-lg-2 v-inner-md-2 v-inner-2 style-3749 style-local-1076-c69 position-relative\">\n                        <!---->\n                        <!---->\n                        <div class=\"w-100 h-y-container h-column__content h-column__v-align flex-basis-100\">\n                          <!---->\n                        <\/div>\n                      <\/div>\n                    <\/div>\n                    <div class=\"h-column h-column-container d-flex h-col-lg-2 h-col-md-6 h-col-6 align-self-lg-center align-self-md-center align-self-center style-3750-outer style-local-1076-c70-outer\">\n                      <div data-colibri-id=\"1076-c70\" class=\"d-flex h-flex-basis h-column__inner h-ui-empty-state-container h-px-lg-2 h-px-md-2 h-px-2 v-inner-lg-2 v-inner-md-2 v-inner-2 style-3750 style-local-1076-c70 position-relative\">\n                        <!---->\n                        <!---->\n                        <div class=\"w-100 h-y-container h-column__content h-column__v-align flex-basis-100\">\n                          <!---->\n                        <\/div>\n                      <\/div>\n                    <\/div>\n                  <\/div>\n                <\/div>\n              <\/div>\n            <\/div>\n          <\/div>\n        <\/div>\n      <\/div>\n    <\/div>\n  <\/div>\n<\/div>","protected":false},"excerpt":{"rendered":"<p>ADAS Kalibrierungsger\u00e4te Unsere Produkte: Interesse an einem unserer Produkte geweckt? Kontaktieren Sie uns f\u00fcr ein unverbindliches Gespr\u00e4ch oder Beratung! Kontakt Unsere Partner, wenn es um ADAS Pr\u00fcfger\u00e4te geht!<\/p>\n","protected":false},"author":1,"featured_media":0,"parent":0,"menu_order":0,"comment_status":"closed","ping_status":"closed","template":"page-templates\/full-width-page.php","meta":{"om_disable_all_campaigns":false,"_monsterinsights_skip_tracking":false,"_monsterinsights_sitenote_active":false,"_monsterinsights_sitenote_note":"","_monsterinsights_sitenote_category":0,"_uf_show_specific_survey":0,"_uf_disable_surveys":false,"footnotes":""},"class_list":["post-1076","page","type-page","status-publish","hentry"],"aioseo_notices":[],"_links":{"self":[{"href":"https:\/\/siems-klein.at\/index.php?rest_route=\/wp\/v2\/pages\/1076","targetHints":{"allow":["GET"]}}],"collection":[{"href":"https:\/\/siems-klein.at\/index.php?rest_route=\/wp\/v2\/pages"}],"about":[{"href":"https:\/\/siems-klein.at\/index.php?rest_route=\/wp\/v2\/types\/page"}],"author":[{"embeddable":true,"href":"https:\/\/siems-klein.at\/index.php?rest_route=\/wp\/v2\/users\/1"}],"replies":[{"embeddable":true,"href":"https:\/\/siems-klein.at\/index.php?rest_route=%2Fwp%2Fv2%2Fcomments&post=1076"}],"version-history":[{"count":11,"href":"https:\/\/siems-klein.at\/index.php?rest_route=\/wp\/v2\/pages\/1076\/revisions"}],"predecessor-version":[{"id":6796,"href":"https:\/\/siems-klein.at\/index.php?rest_route=\/wp\/v2\/pages\/1076\/revisions\/6796"}],"wp:attachment":[{"href":"https:\/\/siems-klein.at\/index.php?rest_route=%2Fwp%2Fv2%2Fmedia&parent=1076"}],"curies":[{"name":"wp","href":"https:\/\/api.w.org\/{rel}","templated":true}]}}